True
Is 668 a factor of 128342?
False
Is 138 a factor of 15210?
False
Is 135 a factor of 1291633?
False
Is 224947 a multiple of 17?
False
Is 188 a factor of 732260?
True
Is 209 a factor of 415690?
False
Is 25 a factor of 632612?
False
Is 56410 a multiple of 17?
False
Is 63 a factor of 151704?
True
Does 19 divide 1644811?
True
Is 1471554 a multiple of 42?
True
Is 303 a factor of 619908?
False
Is 93413 a multiple of 109?
True
Does 279 divide 3793284?
True
Is 438886 a multiple of 322?
True
Is 29 a factor of 95700?
True
Is 515643 a multiple of 210?
False
Is 114932 a multiple of 118?
True
Does 4 divide 21848?
True
Is 8 a factor of 22254?
False
Is 21246 a multiple of 14?
False
Is 36085 a multiple of 35?
True
Is 85500 a multiple of 8?
False
Is 84 a factor of 127848?
True
Does 35 divide 1381681?
False
Is 717632 a multiple of 64?
True
Is 20621 a multiple of 12?
False
Is 12560 a multiple of 16?
True
Is 22 a factor of 3466505?
False
Is 17 a factor of 312103?
True
Is 43379 a multiple of 11?
False
Is 215 a factor of 10072965?
True
Is 192911 a multiple of 509?
True
Is 1257 a factor of 6443382?
True
Is 140 a factor of 1695680?
True
Does 165 divide 94050?
True
Is 19 a factor of 125552?
True
Is 42 a factor of 970326?
True
Does 84 divide 273588?
True
Is 1381842 a multiple of 129?
False
Is 17 a factor of 10382?
False
Does 51 divide 8415?
True
Is 177 a factor of 2651637?
True
Is 38 a factor of 30248?
True
Does 171 divide 6156?
True
Does 142 divide 815359?
False
Does 683 divide 10384648?
False
Is 594 a factor of 197802?
True
Is 19 a factor of 1672493?
False
Is 1869021 a multiple of 136?
False
Is 5 a factor of 704?
False
Does 35 divide 1722805?
True
Is 56200 a multiple of 20?
True
Is 144952 a multiple of 3?
False
Is 3728010 a multiple of 30?
True
Does 394 divide 53685?
False
Is 13820065 a multiple of 27?
False
Does 78 divide 397404?
False
Does 10 divide 524440?
True
Is 70 a factor of 3842160?
True
Is 190687 a multiple of 47?
False
Is 28 a factor of 72498?
False
Is 62510 a multiple of 38?
True
Does 104 divide 161512?
True
Is 5 a factor of 908948?
False
Is 3875719 a multiple of 437?
False
Is 955460 a multiple of 20?
True
Does 14 divide 3526410?
False
Is 17812 a multiple of 88?
False
Is 57 a factor of 9588768?
True
Is 88 a factor of 8391152?
True
Is 78588 a multiple of 74?
True
Does 212 divide 431844?
True
Does 7 divide 3017126?
True
Is 162890 a multiple of 13?
True
Is 196608 a multiple of 256?
True
Does 34 divide 9268142?
False
Does 10 divide 935850?
True
Is 149 a factor of 530464?
False
Does 376 divide 5031256?
True
Is 1052 a factor of 14096800?
True
Is 14569087 a multiple of 227?
True
Does 1148 divide 4597740?
True
Is 77 a factor of 270214?
False
Does 13 divide 433485?
True
Does 208 divide 1463072?
True
Is 2060018 a multiple of 19?
True
Is 59 a factor of 4607334?
False
Is 131376 a multiple of 483?
True
Does 234 divide 75582?
True
Is 51 a factor of 4848519?
True
Is 78 a factor of 10218?
True
Is 238108 a multiple of 56?
False
Is 3 a factor of 445201?
False
Does 14 divide 570220?
True
Does 86 divide 709645?
False
Is 20 a factor of 82440?
True
Does 52 divide 199264?
True
Is 859753 a multiple of 173?
False
Is 418526 a multiple of 566?
False
Does 7 divide 4101244?
True
Is 191518 a multiple of 20?
False
Is 60 a factor of 529620?
True
Is 328440 a multiple of 24?
True
Is 139295 a multiple of 5?
True
Does 11 divide 1300497?
True
Is 766714 a multiple of 13?
True
Does 447 divide 5980921?
False
Does 380 divide 3040?
True
Is 75 a factor of 7344282?
False
Is 3944 a multiple of 34?
True
Does 403 divide 173405?
False
Is 1683489 a multiple of 15?
False
Is 28741 a multiple of 145?
False
Is 185950 a multiple of 316?
False
Is 790058 a multiple of 55?
False
Does 556 divide 772458?
False
Does 70 divide 1056230?
True
Does 139 divide 5207295?
False
Is 463284 a multiple of 757?
True
Is 233188 a multiple of 12?
False
Is 68 a factor of 2831452?
True
Is 33870 a multiple of 5?
True
Does 74 divide 526643?
False
Is 3562307 a multiple of 34?
False
Does 8 divide 2814?
False
Is 5 a factor of 194984?
False
Does 1248 divide 6130176?
True
Is 13 a factor of 1938287?
True
Is 2103553 a multiple of 27?
False
Is 5000694 a multiple of 43?
False
Is 719352 a multiple of 9?
True
Is 5543088 a multiple of 408?
True
Does 501 divide 3087663?
True
Is 108022 a multiple of 9?
False
Is 9677765 a multiple of 8?
False
Does 4 divide 2477316?
True
Is 165818 a multiple of 34?
True
Is 83596 a multiple of 107?
False
Does 17 divide 28382829?
False
Is 103787 a multiple of 14?
False
Is 8 a factor of 392120?
True
Does 40 divide 1216800?
True
Is 159 a factor of 323883?
True
Is 4403581 a multiple of 80?
False
Is 61 a factor of 755363?
True
Is 15842106 a multiple of 21?
True
Is 6543 a multiple of 5?
False
Is 1404 a factor of 7424750?
False
Does 8 divide 160833?
False
Is 503 a factor of 53821?
True
Is 1226448 a multiple of 48?
True
Does 25 divide 12536?
False
Is 844 a factor of 7916038?
False
Is 89784 a multiple of 261?
True
Does 55 divide 12485?
True
Does 13 divide 309447?
False
Is 595670 a multiple of 192?
False
Is 81864 a multiple of 379?
True
Is 16645 a multiple of 273?
False
Does 26 divide 447331?
False
Does 75 divide 35215?
False
Is 7 a factor of 10734?
False
Is 713814 a multiple of 542?
True
Does 21 divide 134887?
False
Does 510 divide 75657?
False
Does 48 divide 890309?
False
Does 460 divide 135271?
False
Is 91971 a multiple of 374?
False
Does 81 divide 101299?
False
Is 253 a factor of 1200232?
True
Is 26 a factor of 674388?
True
Is 592164 a multiple of 298?
False
Is 211 a factor of 437916?
False
Is 100102 a multiple of 168?
False
Does 33 divide 30494?
False
Is 227396 a multiple of 544?
False
Does 103 divide 232961?
False
Does 3 divide 3340125?
True
Is 9917840 a multiple of 8?
True
Is 24 a factor of 7704?
True
Is 198998 a multiple of 58?
True
Is 72 a factor of 638352?
True
Is 1708027 a multiple of 113?
False
Does 51 divide 53704?
False
Does 655 divide 42525875?
True
Does 16 divide 10224?
True
Is 20 a factor of 1295684?
False
Does 11 divide 90640?
True
Does 140 divide 8103340?
True
Does 26 divide 3554083?
False
Is 25 a factor of 1805125?
True
Does 8 divide 8069666?
False
Is 202921 a multiple of 59?
False
Is 149200 a multiple of 80?
True
Is 100 a factor of 129400?
True
Is 25 a factor of 18785906?
False
Is 9335823 a multiple of 49?
True
Is 12634 a multiple of 78?
False
Is 33843 a multiple of 389?
True
Does 257 divide 487599?
False
Is 216 a factor of 3904043?
False
Is 56 a factor of 3530688?
True
Is 1786007 a multiple of 3?
False
Is 101 a factor of 828356?
False
Is 696087 a multiple of 127?
True
Is 1198728 a multiple of 4?
True
Is 535 a factor of 178155?
True
Is 104 a factor of 1984008?
True
Is 3 a factor of 8429?
False
Is 288 a factor of 520497?
False
Is 87252 a multiple of 11?
True
Is 797568 a multiple of 192?
True
Does 121 divide 111838?
False
Is 30 a factor of 376860?
True
Is 97 a factor of 120765?
True
Is 32 a factor of 186037?
False
Does 31 divide 95266?
False
Is 517 a factor of 680372?
True
Is 180395 a multiple of 11?
False
Does 270 divide 25746854?
False
Is 20 a factor of 15944500?
True
Is 21394 a multiple of 38?
True
Is 267633 a multiple of 26?
False
Is 1789217 a multiple of 230?
False
Is 47 a factor of 125490?
True
Is 19 a factor of 3339?
False
Does 36 divide 89136?
True
Is 6073485 a multiple of 170?
False
Does 102 divide 408408?
True
Is 12870 a multiple of 30?
True
Is 133 a factor of 674576?
True
Does 76 divide 4068576?
False
Is 903767 a multiple of 115?
False
Is 1206851 a multiple of 673?
False
Is 98 a factor of 692762?
True
Is 12 a factor of 33532428?
True
Does 351 divide 49436?
False
Is 71014 a multiple of 9?
False
Does 9 divide 9376537?
False
Is 28832727 a multiple of 847?
True
Is 157 a factor of 3842889?
True
Does 7 divide 2249860?
False
Does 80 divide 2360140?
False
Does 5 divide 17365?
True
Is 8 a factor of 1673704?
True
Is 18 a factor of 758672?
False
Is 115879 a multiple of 119?
False
Does 5 divide 56065?
True
Is 38 a factor of 268926?
True
Is 44 a factor of 559315?
False
Is 12224 a multiple of 10?
False
Does 8 divide 100921?
False
Is 14019786 a multiple of 41?
True
Is 98174 a multiple of 257?
True
Is 6637443 a multiple of 15?
False
Is 470 a factor of 8363638?
False
Is 8 a factor of 85497?
False
Is 360 a 